greatest common factor of g and 4?
4
Let u be ((-1)/3)/(2/(-18)). Let n = 10 - u. Suppose n*h - 225 = 2*h. Calculate the greatest common factor of h and 9.
9
Let i(o) = o**3 - 4*o**2 - 8*o + 6. Let z be i(6). Let t be (-4)/(-24) + 2 + 94/12. What is the highest common divisor of z and t?
10
Suppose -3 = -3*o + 12. Suppose -2*r = u - 0*u - 81, 5*u + 195 = o*r. Let k = 1 + 4. What is the greatest common divisor of r and k?
5
Let q(o) = -17*o + 26. Let a be q(-8). What is the highest common divisor of 18 and a?
18
Suppose 4*y - 5 = c, 55 = 3*c + 3*y - 5. Calculate the highest common factor of c and 105.
15
Let q = -50 + 63. Calculate the greatest common factor of 26 and q.
13
Let o(z) = 1 + 4*z**2 - z**3 - 2 - 3. Let n be o(3). Suppose -116 - 109 = -n*s. Calculate the highest common divisor of s and 5.
5
Suppose -4*t = -7*b + 4*b + 117, 4*t = b - 127. Let h = t + 53. Calculate the greatest common factor of 8 and h.
4
Let c be -1*(58/(-1) - 3). Let f = -43 + c. What is the greatest common factor of f and 12?
6
Suppose -5*t = -3*t - 8. Let k = -1 - -3. Let w(c) = 2*c**2 - 4*c + 2. Let o be w(k). What is the highest common factor of o and t?
2
Let v(q) = q**2 + q - 22. Let f be v(-9). Calculate the greatest common divisor of 25 and f.
25
Suppose -7*y + 5*y - 14 = -2*m, -9 = 3*y. Let a be (2/(-3))/(m/(-72)). Let u be a + (-6)/(0 - -3). What is the greatest common divisor of 10 and u?
10
Let f(g) = -g**2 - 9*g + 5. Let a be f(-8). Let d be 3/(-3 + 6) + a. Calculate the highest common factor of 2 and d.
2
Suppose 1045 = 3*r + 2*r. Let j be -1 + 22 + 8/(-5 - -1). What is the highest common factor of j and r?
19
Let t = -29 - -14. Let h be 22/(-6) - (-5)/t. Let v be ((-150)/(-8))/((-1)/h). Calculate the greatest common factor of v and 30.
15
Let j(t) = 5*t + 4*t - 8*t**2 - t**3 - 13 - 2*t. Let l be j(-9). Calculate the highest common divisor of l and 40.
5
Suppose -11 = -l - b + 4*b, 5*l = -b + 7. What is the highest common divisor of l and 6?
2
Suppose -2*a + 6*a = -4*y + 348, 3*y = -3. Suppose 0*m = 5*m - 2*p - 34, -5*p + 47 = 4*m. What is the highest common factor of m and a?
8
Let x be 568/28 - (-2)/(-7). Let w be -1 + 8/1 + 1. Calculate the greatest common factor of x and w.
4
Suppose 5*i - 33 - 207 = 0. Let z(r) = 6*r**2 + 7. Let b(x) = -1. Let q(g) = 14*b(g) + 2*z(g). Let a be q(1). Calculate the highest common factor of a and i.
12
Suppose -44 = -5*d + 16. Let p = -2 + 3. Let u be (-2 - -1) + (p - -108). Calculate the highest common divisor of u and d.
12
Suppose -4*p = -29 - 483. Calculate the highest common divisor of 16 and p.
16
Let d(u) = 13*u + 39 - 42 + 8*u. Let h be d(2). Let n be (-1)/5 + (-132)/(-10). Calculate the greatest common divisor of n and h.
13
Let v be 3 - (1 + 0 - 1). Suppose -3*n + 0*t + 4*t = -54, v*n = -5*t + 54. Calculate the highest common divisor of n and 2.
2
Suppose -3*q + 10 = 3*p - 2*p, 0 = -5*p + q + 50. What is the highest common factor of 5 and p?
5
Let u(d) = d**2 + d + 68. Let f be u(0). Suppose -15 + 3 = -t - b, -3*t = -5*b - f. What is the highest common divisor of 40 and t?
8
Suppose -6 = -4*j - 2. Let o = 0 + 1. Let a be (1/1)/(1/o). What is the highest common divisor of j and a?
1
Let h(v) = v**3 + v**2 - v + 17. Let i(w) = -w**3 - 8*w**2 - 8*w - 7. Let q be i(-7). Let j be h(q). What is the greatest common divisor of j and 187?
17
Let c be (-1)/3 + (-148)/(-12). Let v(t) = t**2 - 10*t - 17. Let s be v(c). What is the highest common factor of s and 1?
1
Let i(t) = 2*t**2 + 6*t - 6. Let l be i(-6). What is the highest common divisor of 45 and l?
15
Let s(j) = j - 4. Let f be s(-4). Let t be (-66)/f - (-4)/(-16). Suppose -q + t = -2. What is the highest common divisor of 15 and q?
5
Let n = -11 - -14. Calculate the greatest common factor of n and 15.
3
Suppose 0*k = -2*k + 130. Calculate the greatest common divisor of 13 and k.
13
Let h = 2 - 0. Suppose 3*y = -j + 35, h*y - 4*j + 32 = 5*y. Let t be y + 9/(-3) + 5. Calculate the highest common factor of t and 56.
14
Suppose -4*o - 10 = -6*o. Suppose 2*r = o*r - 3. Let c = r - -5. Calculate the highest common factor of c and 66.
6
Let j be (7 + (-552)/80)*10. Suppose 3 = 3*s - 0. Let z be ((-2)/5)/(s/(-20)). Calculate the greatest common divisor of j and z.
1
Suppose -3 = -z + 1. Suppose -o = z*o - 90. Calculate the highest common divisor of 45 and o.
9
Suppose 4*j - 5*j = -5*i + 64, 5*j - 28 = -4*i. Suppose -58 + 178 = 5*o. Suppose 0 = 3*u - 4*u + o. What is the highest common divisor of u and i?
12
Suppose 14 = 2*v - 82. Calculate the greatest common divisor of v and 144.
48
Let w(g) = -9*g - 3. Let y be w(-3). Let f = 14 + -6. Let v be 2/f + 69/12. What is the greatest common divisor of v and y?
6
Let y(c) = 29*c + 7. Let p(u) = 15*u + 3. Let t(o) = 5*p(o) - 2*y(o). Let m be t(1). Calculate the greatest common factor of 36 and m.
18
Suppose 2*w = -8, -3*s + w - 249 = -2*w. Let j be -1 - s - (0 - 2). Let q be 4/(-3)*-1*6. Calculate the highest common factor of j and q.
8
Let y(z) = z**2 - 6*z + 5. Let h be y(-5). Let f = 164 - h. Calculate the highest common divisor of 13 and f.
13
Let u be 4/2*(-33)/(-6). Let f(p) = -2*p - 8. Let y be f(-8). Let o be 132*(22/y + -2). What is the highest common factor of u and o?
11
Let i(s) = 2*s - 4. Let p(a) = a**2 + a - 4. Let k be p(-4). Let d be i(k). Let b(x) = 11*x + 1. Let m be b(1). Calculate the highest common divisor of d and m.
12
Let d be (35/3 - -4) + 4/(-6). What is the highest common divisor of d and 90?
15
Suppose -5*h + 2*n = 5*n - 165, 15 = 3*n. Suppose -9 = -3*p + 21. Calculate the highest common divisor of h and p.
10
Suppose -3*c - 6 = w, -7*c + 2*c - 10 = 2*w. Suppose -2*t + 8 = -w*t. Let v be (-444)/(-14) - 4/(-14). What is the greatest common factor of v and t?
4
Suppose -41 = -l - 5*b + 7, -72 = -3*l + 3*b. What is the greatest common factor of l and 126?
14
Let m(i) = 11*i + 1. Let f be m(1). Let k(c) = -c + 1. Let w be k(2). Let x = 4 + w. What is the highest common divisor of x and f?
3
Suppose 2*w + 5 - 25 = 0. What is the highest common divisor of 50 and w?
10
Let q(l) = 5*l - 3*l - 3*l + 16. Let g(j) = -j**2 - 11*j - 12. Let f be g(-8). Let y be q(f). Calculate the highest common divisor of y and 4.
4
Let z(n) = -n**2 - 240. Let g be z(0). Let i = g + 359. What is the greatest common divisor of i and 17?
17
Suppose 0 = i + 5*q - 46, -6*i + 130 = -i + 5*q. What is the greatest common factor of i and 7?
7
Let c(j) = j**2 - 1. Let w(x) = x**2 - 4*x - 3. Let y be w(4). Let t be c(y). What is the highest common factor of t and 72?
8
Suppose -12*m + 568 + 44 = 0. Calculate the greatest common factor of m and 3.
3
Suppose -3*o = -5*d + 40 + 31, 0 = -5*d - 5*o + 95. Let t(f) = f**2 + 15*f - 8. Let i be t(8). Calculate the highest common factor of i and d.
16
Let y = -5 - -5. Suppose 0 = -y*i + i + 6. Let a = 0 - i. What is the highest common factor of a and 24?
6
Suppose 2*s = p - 280, -5*p - 3*s - 276 = -6*p. Calculate the greatest common factor of p and 32.
32
Let q = 84 + -24. Calculate the highest common divisor of 30 and q.
30
Suppose f = -2*f + 24. Let h = 13 - 14. Let z be 14 + (-2 - h*4). Calculate the greatest common divisor of f and z.
8
Let p(a) = a**3 + 4*a**2 + a. Let m be p(-3). Suppose -5*h - 2*r = -39, 4*r - 7*r = -4*h + 45. What is the greatest common divisor of m and h?
3
Let h(s) = -s**3 - s**2 + 8. Let n be h(-5). What is the greatest common factor of 12 and n?
12
Suppose -4*l = 5*r - 50, 6 - 44 = -4*l + r. What is the greatest common divisor of l and 230?
10
Suppose 3*s = -j + 139, s - 58 = j + j. Suppose -4*b - 12 = -8*b. Suppose -2*m = b*m - 60. What is the highest common divisor of m and s?
12
Suppose -3*x + 14 = -2*h, -4*x - h = -3*x - 8. Suppose -2*b - 918 = -x*j + j, -4*j = -4*b - 744. Calculate the greatest common factor of j and 26.
26
Suppose -14 = -5*o - 4. Suppose 5 + 1 = r. Calculate the greatest common factor of o and r.
2
Let w = 10 - 18. Let u be (-130)/w - 3/12. What is the greatest common factor of u and 144?
16
Suppose 87 + 17 = 2*q. What is the highest common divisor of q and 78?
26
Suppose 19*v - 17*v - 48 = 0. Suppose -b = -0 - 12. Calculate the greatest common divisor of b and v.
12
Let z(p) = 10*p**3 - 2*p**2 + 1. Let w(v) = -v**2 - 4*v + 13. Let s be 